8*r = -l*r - 1116. What is the units digit of r?
6
Suppose -40*d + 28297 = 3*f - 42*d, 2*f + 2*d - 18878 = 0. What is the hundreds digit of f?
4
Let h(y) be the first derivative of 16*y**3/3 - 15*y**2/2 + 65*y + 143. What is the tens digit of h(8)?
6
Let i = 279 - 293. What is the thousands digit of 37/((i/21)/(56/(-2)))?
1
Let c(p) = -7*p**2 + 1009*p + 455. What is the thousands digit of c(135)?
9
Let u be 8146/(-2) + (4 - 6). Let v = 5745 + u. What is the units digit of v?
0
Let k(c) be the third derivative of -10*c**2 + 0*c - 1/6*c**3 + 0 + 5/3*c**4. What is the tens digit of k(1)?
3
Let x = 100 + -100. Suppose x = -5*d + 208 + 162. Suppose -h + d + 64 = 0. What is the units digit of h?
8
Let s be 16/6*189/42. Suppose s*i - 5621 = 3763. What is the units digit of i?
2
Let w(a) be the first derivative of -a**4/4 + 7*a**3/3 - 9*a**2/2 + 10*a + 1. Suppose q = 5*g + 25, -8*g + 4*g = 3*q + 1. What is the tens digit of w(q)?
1
Suppose 0 = -4*q + 2*l + 8, 5*l + 6 = -4. What is the units digit of q + (2 - 1)/(33/6039)?
4
Let f = -51 + 47. Let w = f - 8. What is the tens digit of 672/4*w/(-14) + 2?
4
Let l = 551 + -512. Suppose -7*w = -l - 255. What is the units digit of w?
2
Let o = 129 + 75. Let w be ((-54)/10 - -5) + 17/5. Suppose 0 = -w*a + 5*a - o. What is the units digit of a?
2
Suppose -9*c + 166266 + 599791 = -y, 3*y = 2*c - 170246. What is the units digit of c?
7
Let k = -153 + 132. What is the tens digit of (-3)/6*(k + -3 - 6)?
1
Suppose -3 - 5 = -4*z. Suppose -2*j + 4 + z = 0. What is the units digit of 1*1*j - (-16 - 34)?
3
Let j(l) = 2*l**2 + 7*l - 22. Let k be j(5). Suppose 4*v = 5*x - k, 2*v = -3*x - 0*x + 51. What is the hundreds digit of x/3*(-46)/(-1)?
2
Let b be 2/(7/231*6). Suppose -3*p = b*p - 3724. What is the hundreds digit of p?
2
Let r(g) = -4*g**3 + 6*g**2 - 5*g - 12. Let h(k) = -13 - 4*k**3 + 5*k**2 - 6*k**3 - 6*k + 5*k**3. Let p(c) = -3*h(c) + 4*r(c). What is the tens digit of p(8)?
3
Let j(t) = 27 - 13 + 13*t**2 - 24 - 11*t**2 - 19. Let m be (2 + -1)*(13 + -1). What is the units digit of j(m)?
9
Suppose 25*a = 30*a + 3*n, -3*a - n = 0. What is the units digit of (1 + a)/((-4)/(-4)) + 392?
3
Let m = -82 - -84. Let r be 5448/32 + m/16*-2. Suppose -r - 83 = -b. What is the units digit of b?
3
Let w be (12/9)/((-3)/(-9)). Suppose 2*i - 4*v = -4, 4*i - 3*v + w = 16. What is the tens digit of ((-159)/i)/(-1*(-2)/(-4))?
5
Suppose 0 = 5*q - 4*x - 0 + 7, q - 4 = -x. What is the hundreds digit of 4/(-10) - ((-8046)/15 - q)?
5
Let x(h) = 2*h**3 - 11*h**2 - 17*h + 3. Let i(s) = s**3 + 4*s - 7. Let b be i(2). What is the tens digit of x(b)?
1
Let c(p) = -p**2 - 6*p + 2. Let b be -6*(-4 + (-27)/(-6)). Let h be c(b). Suppose 0 = 6*i - h*i + 115. What is the units digit of i?
3
Let r(x) = 38*x**2 + 56*x + 2522. What is the units digit of r(-31)?
4
Let u(x) = -x**2 - 6*x + 80. Let k be u(-11). Suppose k*d - 15*d = 4880. What is the units digit of d?
8
Suppose 0 = 5*o + 18*o - 2*o - 950460. What is the thousands digit of o?
5
Let n be (6/(-5))/2 + 1812/20. Suppose -2*h + w = -56 + 146, 2*h + w = -n. Let v = h + 65. What is the units digit of v?
0
Let j be 4 + 1*0*(-1)/(-6). Suppose 448 = 4*n + j*f, -4*n + f + 448 = -4*f. What is the units digit of n?
2
Suppose 7*g + 3*t - 259234 = 0, -5*t = -47*g + 50*g - 111130. What is the thousands digit of g?
7
Let s(v) = 10*v + 69. Let m = 27 - -8. Let i(w) = 120*w + 830. Let n(o) = m*s(o) - 3*i(o). What is the units digit of n(-15)?
5
Suppose -10*o = -90*o + 123323 + 203477. What is the units digit of o?
5
Let z(i) = -1596*i + 171. What is the thousands digit of z(-9)?
4
Suppose -745 = 42*q - 115. What is the tens digit of -4 - q/((-120)/(-1552))?
9
Suppose 652 = 4*b + 2*x + 2*x, 0 = -5*b + x + 809. Let l = 800 - 560. Let j = l - b. What is the tens digit of j?
7
Suppose 4*z - 5*h - 56 = 0, 0 = 4*z - 3*h - 44 - 12. What is the units digit of 42381/(-189)*-3 - (-4)/z?
3
What is the hundreds digit of -6 - (5 + -2 - 150576/24)?
2
Let c(l) = l**2 - l + 1. Let s(r) = r**3 - 16*r**2 + 15*r - 8. Let d(v) = -6*c(v) - s(v). Let g be ((-9)/2)/((-6)/12). What is the units digit of d(g)?
2
Let s(k) = -1876*k - 798. What is the thousands digit of s(-10)?
7
Suppose -4*g = -12, 7 + 11 = 2*a + 4*g. Suppose -a*k = 3*v - 7*k - 82, -v + 5*k + 42 = 0. Suppose -34 = -8*l + v. What is the units digit of l?
7
Let m(w) = 272 + 6*w + 288 - 602. Let g be m(8). What is the tens digit of (g/(-10))/(1/(-35))?
2
Suppose -24*l + 981 = 213. What is the tens digit of 2/16 - (-2556)/l?
8
Let z = 43182 - 20767. What is the thousands digit of z?
2
Let s be (16583/(-5))/(-7) - (-1)/5. Suppose -d + s = -2*g + 132, 5*d + 2*g = 1770. What is the units digit of d?
2
Let a(g) = 12*g**2 + 11*g + 9*g**2 + 4*g**2 - 6*g**2 + 18. What is the hundreds digit of a(-5)?
4
Let m = 9849 - -2167. What is the units digit of m?
6
Let x(p) = p**2 + 8*p + 28. Let b be x(-12). Let c = 117 - b. What is the units digit of c?
1
Suppose -2*p + 2*t = -56, 0*p - 5*t + 28 = p. Suppose 5*y = -0*y + 2*h + p, 4*h + 26 = 5*y. What is the tens digit of (4/y - 0)*(-3792)/(-32)?
7
Let p(b) be the second derivative of 0 - 7/6*b**3 - 15/2*b**2 + 3*b. What is the units digit of p(-5)?
0
Let u(g) = -20*g + 35. Let f be u(6). Let r be -1 - (f + (1 - -1)). Let n = r - -76. What is the units digit of n?
8
Let o(d) = 3*d**3 - 11*d**2 - 187*d - 133. What is the units digit of o(31)?
2
Suppose -5*q + 5*i - 85 = 0, 2*q + 30 + 14 = 4*i. Let h be 13/52 + 9/(-4). Let b = h - q. What is the tens digit of b?
1
Let w(s) = 15*s**3 - 15*s**2 - 29*s + 77. What is the hundreds digit of w(11)?
9
Let f(l) = 3*l**3 + 18*l**2 - 335*l + 2. What is the hundreds digit of f(17)?
2
What is the hundreds digit of (-43320)/(-5) - (5 - 4)*(-2 + 1)?
6
Let k = -45913 - -93182. What is the thousands digit of k?
7
Let k(r) = -r**3 + 7*r**2 - 7*r + 8. Let c be k(3). Suppose 4949 = 30*w - c*w. What is the tens digit of w?
0
Suppose 0 = z - 2*z + 228. Let v = z + -129. Suppose -v = -3*a - 6. What is the tens digit of a?
3
Let f = -353 + 608. What is the units digit of (2127/15)/(f/50 + -5)?
8
Let i(d) = -387*d**3 - 8*d**2 - 9*d + 7. What is the thousands digit of i(-2)?
3
Suppose 0 = -2*g + q - 2046, 1026 = g - 2*g - q. Let u = -432 - g. What is the hundreds digit of u?
5
Let t(a) = 2*a**2 + 12*a + 3. Let k be t(-6). Suppose 4*g - 7 = k*g. Suppose -g*s + 9*s - 288 = 0. What is the tens digit of s?
4
Suppose -12181 = -4*v - 94*p + 99*p, -2*p = 2. What is the units digit of v?
4
Suppose -45354 - 15627 = -3*z + 3*l, 3*z = -l + 60993. What is the units digit of z?
0
Let m be (-6)/9*129/(-2). Suppose -5*i = m + 2. What is the units digit of (-1910)/(-15)*i/(-6)?
1
What is the thousands digit of 7 - 17/(-34)*(0 - -169578)?
4
Let x = -5677 + 11981. What is the hundreds digit of x?
3
Let r(v) = 3095*v - 22. What is the tens digit of r(1)?
7
Suppose -d + 313 = -2*q - 3*q, 5*d - 15 = 0. Let l = 60 + q. What is the tens digit of l + (-3)/(((-9)/312)/1)?
0
Let o be (-2)/6 + (78/(-18))/(-1). Suppose -o*m = -l + 729, -3668 = -2*l - 3*l - 3*m. What is the units digit of l?
3
Let i(w) = -317*w - 24. Let h be i(-2). Suppose 4*v = h + 158. What is the hundreds digit of v?
1
Let q(l) = 629*l + 128. What is the units digit of q(13)?
5
What is the ten thousands digit of 243644/16 + 141/(-188)?
1
Let s(u) = u**2 + 3*u - 8. Let i be s(-7). Suppose -i = -2*j + q, j - 1 = -q + 12. Suppose 0 = 2*p - j*p + 612. What is the units digit of p?
8
Suppose 0 = -t - 3*t. Suppose t*o = -o - c - 35, -o - 4*c = 20. Let b = o + 193. What is the hundreds digit of b?
1
Let i(j) = -56*j - 4. Suppose 0*c = -3*t + 3*c - 15, 0 = -5*t + 3*c - 17. Let k(m) = 1. Let o(b) = t*i(b) - 2*k(b). What is the hundreds digit of o(2)?
1
What is the units digit of (-9 + 8 - 6)/(2/(-2514))?
9
Suppose -20 = 2*d + 3*m, 40 = -4*d + 5*m - 8*m. Let f(q) = 1. Let v(z) = z + 29. Let r(s) = -f(s) + v(s). What is the tens digit of r(d)?
1
Let d be 6/(-9) + 22/(-3). Let x(l) be the third derivative of -l**4/6 + 3*l**3 + 2*l**2 + 38*l. What is the units digit of x(d)?
0
Suppose -71*a = -4004439 + 680574. What is the units digit of a?
5
Let p(s) = -833*s**3 + 3*s**2 - 12*s - 57. What is the units digit of p(-3)?
7
Suppose 40*l - 514526 = -127686. What is the thousands digit o